 of 5574552861.
3, 19, 2729, 35837
What are the prime factors of 383733313?
383733313
What are the prime factors of 628895594?
2, 263, 919, 1301
List the prime factors of 24811585.
5, 17, 291901
What are the prime factors of 15088191?
3, 5029397
List the prime factors of 453794669.
23, 1429, 13807
List the prime factors of 2038444750.
2, 5, 8153779
List the prime factors of 1867667267.
9323, 200329
What are the prime factors of 32863949?
2417, 13597
What are the prime factors of 25813842?
2, 3, 4302307
What are the prime factors of 572953605?
3, 5, 7, 5456701
List the prime factors of 127200762.
2, 3, 13, 543593
List the prime factors of 45884424.
2, 3, 1911851
List the prime factors of 588546050.
2, 5, 37, 79, 4027
List the prime factors of 38173183.
31, 67, 18379
What are the prime factors of 2712133588?
2, 199, 3407203
List the prime factors of 96830054.
2, 293, 373, 443
What are the prime factors of 805644315?
3, 5, 7, 2557601
What are the prime factors of 1924499652?
2, 3, 101, 1587871
What are the prime factors of 12288545?
5, 2457709
List the prime factors of 174662401.
31, 53, 106307
List the prime factors of 50777900.
2, 5, 507779
What are the prime factors of 163496086?
2, 13, 6288311
What are the prime factors of 19597543?
7, 47, 59567
What are the prime factors of 42727911?
3, 53, 268729
What are the prime factors of 88466735?
5, 7, 829, 3049
List the prime factors of 4636023245.
5, 7, 132457807
What are the prime factors of 351146639?
351146639
What are the prime factors of 6103077?
3, 2034359
List the prime factors of 2908762550.
2, 5, 31, 157, 11953
What are the prime factors of 248510624?
2, 17, 456821
What are the prime factors of 48574946?
2, 7, 3469639
What are the prime factors of 164846781?
3, 11, 293, 5683
List the prime factors of 1066656522.
2, 3, 239, 743833
List the prime factors of 1412961945.
3, 5, 2969, 31727
What are the prime factors of 6159901803?
3, 11, 29, 487, 13217
What are the prime factors of 391900051?
61, 659, 9749
List the prime factors of 958557552.
2, 3, 103, 193883
List the prime factors of 223365803.
223365803
List the prime factors of 291520279.
5861, 49739
List the prime factors of 1864786680.
2, 3, 5, 37, 139999
List the prime factors of 170986601.
3533, 48397
List the prime factors of 718627180.
2, 5, 23, 43, 47, 773
List the prime factors of 346000739.
7, 251, 196927
List the prime factors of 663906607.
7, 13, 19, 383983
List the prime factors of 39646186.
2, 19823093
List the prime factors of 38534054.
2, 13, 31, 47809
What are the prime factors of 186315120?
2, 3, 5, 86257
What are the prime factors of 44974823?
3221, 13963
List the prime factors of 67931302.
2, 59, 575689
List the prime factors of 81058429.
81058429
List the prime factors of 1336045972.
2, 281, 1188653
What are the prime factors of 598926239?
598926239
What are the prime factors of 3564873628?
2, 891218407
What are the prime factors of 64183484?
2, 157, 102203
What are the prime factors of 38689075?
5, 1547563
List the prime factors of 181921201.
7, 11, 214783
What are the prime factors of 56496961?
47, 1202063
List the prime factors of 149388980.
2, 5, 13, 37, 53, 293
What are the prime factors of 78840973?
43, 79, 23209
List the prime factors of 20167439.
59, 341821
List the prime factors of 443683232.
2, 13865101
List the prime factors of 9138532518.
2, 3, 507696251
What are the prime factors of 4661461902?
2, 3, 1753, 443189
What are the prime factors of 3425240059?
151, 491, 46199
List the prime factors of 98588764.
2, 23, 41, 59, 443
List the prime factors of 2367700620.
2, 3, 5, 607, 65011
List the prime factors of 3650161198.
2, 53, 179, 192377
List the prime factors of 193020070.
2, 5, 47, 463, 887
List the prime factors of 1948684024.
2, 7, 17, 2046937
List the prime factors of 63067921.
7, 281, 32063
What are the prime factors of 1379036136?
2, 3, 57459839
What are the prime factors of 118018657?
118018657
What are the prime factors of 186223834?
2, 93111917
What are the prime factors of 125706454?
2, 23, 2732749
What are the prime factors of 689687862?
2, 3, 114947977
List the prime factors of 92314326.
2, 3, 13, 857, 1381
List the prime factors of 1689227233.
367, 4602799
What are the prime factors of 1222653563?
5701, 214463
List the prime factors of 96519219.
3, 43, 748211
List the prime factors of 634804283.
2837, 223759
What are the prime factors of 47443969?
19, 911, 2741
List the prime factors of 1344577619.
7, 11, 1031, 16937
List the prime factors of 286994926.
2, 143497463
What are the prime factors of 5085475685?
5, 19, 53531323
List the prime factors of 311422764.
2, 3, 29, 894893
List the prime factors of 1610943066.
2, 3, 9944093
What are the prime factors of 604504098?
2, 3, 11, 3053051
List the prime factors of 8027587.
17, 163, 2897
List the prime factors of 1283196502.
2, 7, 19, 4824047
List the prime factors of 44671152.
2, 3, 23, 43, 941
What are the prime factors of 41660580?
2, 3, 5, 13, 53411
List the prime factors of 257787101.
11, 13, 1802707
List the prime factors of 3570017633.
7, 13, 131, 299473
What are the prime factors of 3397036280?
2, 5, 11, 257, 2731
What are the prime factors of 2474240?
2, 5, 1933
List the prime factors of 1055664121.
163, 6476467
What are the prime factors of 145651963?
145651963
What are the prime factors of 234650281?
29, 67, 120767
List the prime factors of 4258078133.
109, 193, 202409
What are the prime factors of 2551861210?
2, 5, 673, 379177
List the prime factors of 131030483.
131030483
What are the prime factors of 27023129?
7, 139, 27773
What are the prime factors of 259718332?
2, 163, 398341
What are the prime factors of 33351433?
17, 877, 2237
List the prime factors of 99373602.
2, 3, 17, 43, 139, 163
List the prime factors of 588541868.
2, 147135467
What are the prime factors of 114070009?
114070009
What are the prime factors of 36006975?
3, 5, 160031
List the prime factors of 6299152740.
2, 3, 5, 1433, 24421
What are the prime factors of 1107304864?
2, 2011, 17207
What are the prime factors of 53042404?
2, 13260601
List the prime factors of 91114629.
3, 241, 126023
What are the prime factors of 214815411?
3, 541, 44119
What are the prime factors of 467185228?
2, 17, 211, 32561
List the prime factors of 19309339.
7, 19, 47, 3089
What are the prime factors of 51654778?
2, 7, 263, 14029
What are the prime factors of 36465349?
593, 61493
List the prime factors of 1279346914.
2, 59, 10841923
What are the prime factors of 216199878?
2, 3, 239, 150767
List the prime factors of 150427089.
3, 29, 37, 421
What are the prime factors of 231166623?
3, 77055541
What are the prime factors of 312416719?
14431, 21649
List the prime factors of 518686820.
2, 5, 25934341
What are the prime factors of 429023776?
2, 107, 125299
What are the prime factors of 723996480?
2, 3, 5, 73, 10331
What are the prime factors of 3464281713?
3, 31, 43, 151, 5737
List the prime factors of 742785236.
2, 29, 6403321
What are the prime factors of 691469372?
2, 11, 2099, 7487
List the prime factors of 1079476013.
7, 11, 17, 19, 43403
What are the prime factors of 1980983611?
2689, 736699
What are the prime factors of 880578546?
2, 3, 17, 151, 57173
List the prime factors of 854393145.
3, 5, 61, 281, 3323
What are the prime factors of 43497257?
43497257
What are the prime factors of 182757128?
2, 22844641
List the prime factors of 720655168.
2, 11260237
List the prime factors of 59924161.
11, 495241
What are the prime factors of 166466789?
59, 2821471
List the prime factors of 47009084.
2, 109, 137, 787
List the prime factors of 61018389.
3, 17, 398813
List the prime factors of 261513950.
2, 5, 5230279
List the prime factors of 57633669.
3, 19, 337039
List the prime factors of 803336640.
2, 3, 5, 23, 36383
List the prime factors of 494419853.
8429, 58657
What are the prime factors of 216006267?
3, 17, 449, 9433
List the prime factors of 6750345796.
2, 283, 5963203
List the prime factors of 77097932.
2, 23, 838021
List the prime factors of 3418495195.
5, 127, 439, 12263
What are the prime factors of 94959163?
13, 71, 102881
What are the prime factors of 18304004?
2, 4576001
List the prime factors of 113869890.
2, 3, 5, 691, 1831
What are the prime factors of 1481503446?
2, 3, 631, 483